 remainder when 98 is divided by f?
32
Let o be -2*27/4*-2. Suppose 2*a = l - 12 - o, 2*a - 8 = 0. Calculate the remainder when l is divided by 12.
11
Suppose -3*t + 2 + 22 = 0. Let g(b) = -b**3 - 10*b**2 - 12*b - 8. Let s be g(-9). Let o = s + -5. What is the remainder when o is divided by t?
6
Calculate the remainder when ((2*15)/3)/1 is divided by (-64)/(-12) - 4/3.
2
What is the remainder when 88 is divided by ((1 + -3)*-1)/(4/48)?
16
Suppose 0 = -0*d - d + 10. Calculate the remainder when d is divided by (0 - -9) + (-6)/2.
4
Let y = 190 + -121. Let b = y - 46. Calculate the remainder when b is divided by 6.
5
Suppose a + 20 + 52 = 0. Let n = -46 - a. What is the remainder when n is divided by 9?
8
Calculate the remainder when 32/(-12)*12/(-8) is divided by 1.
0
Let k(i) = -18*i**2 + 17*i**2 + 1 + 0*i + 3*i. What is the remainder when k(2) is divided by 2?
1
Suppose -4*c = -16 - 0. Calculate the remainder when 15 is divided by c.
3
Let u = -44 - -59. Calculate the remainder when 57 is divided by u.
12
Let w(j) = 14*j - 4. Let n be w(6). Let i = n + -25. What is the remainder when i is divided by 19?
17
Suppose -34 - 3 = -u. What is the remainder when u is divided by 10?
7
What is the remainder when 1869/63*(-3)/(-1) is divided by 23?
20
Let y be (-4)/(-12) + 389/3. Suppose 5*w - 4*c = y, 3*w + 4*c = 32 + 14. What is the remainder when w is divided by 8?
6
Suppose -3*m + 6 = 0, 4*j = -0*j + 4*m + 44. Calculate the remainder when 103 is divided by j.
12
Suppose -j + 12 = -2*f - 6*j, -f - 16 = 5*j. Suppose 5*a = 0, 0*s - 5*a - 28 = -f*s. Calculate the remainder when (0 - -2)*(-19)/(-2) is divided by s.
5
Suppose 0 = i - 4*i + 21. What is the remainder when 18 is divided by i?
4
Let z be 8/(-6)*6/4. Let x(k) = k + 3. What is the remainder when 78/15 + z/10 is divided by x(0)?
2
Suppose 2*n + x - 81 = 0, -4*x + 5 = -7. What is the remainder when n is divided by 4?
3
Let y = -39 + 46. Calculate the remainder when 34 is divided by y.
6
Let o be 46/1 - (-3)/(-3). Suppose 0*l = 5*l - o. Calculate the remainder when 42 is divided by l.
6
Calculate the remainder when 65 is divided by (-238)/35*(-10)/4.
14
Let v be 16/6 + 2/6. What is the remainder when 5 is divided by (3/(-2))/(v/(-6))?
2
Suppose 4*y = -2*v + 42, 0 = -5*y + 3*y + 2*v + 30. Let g(m) = 6*m - 1. Let l be g(4). Let j = l + -1. What is the remainder when j is divided by y?
10
Suppose -3*x + 11 = -1. Suppose -x*b = 3*h - 71, 2*h + b - 112 = -2*h. Let q(d) = 6*d - 123. Calculate the remainder when h is divided by q(23).
14
Suppose 0 = -2*u - 2*u + 44. Let g(v) = v**2 - 12*v + 16. Suppose 2*m - 13 = m. What is the remainder when m is divided by g(u)?
3
Let q be 188/36 - 4/18. Suppose -3*y = -q - 1. Suppose m - 4*l - 9 - y = 0, -17 = -m + 2*l. Calculate the remainder when m is divided by 8.
7
Let p = -3 - -23. Calculate the remainder when p is divided by 7.
6
Let k be 1/(-2)*2*-4. Suppose -4*h - 71 = -c, -2*h + k*h + 34 = 2*c. What is the remainder when 33 is divided by 12/h*102/(-4)?
16
Suppose -4*q = 2*m - 60, -3*m - 2*q = -0*m - 82. Let x be 1/((-2)/2) + 27. Let d = 40 - x. Calculate the remainder when m is divided by d.
12
Suppose 13 = -0*x - x. Let m(u) = u**2 + 12*u + 2. What is the remainder when 57 is divided by m(x)?
12
Suppose -2*y = 5*d - 204, 2*y = d + 6*y - 30. Let o = -17 + d. Suppose -4*a + 2*m + 26 = 0, 2*a - m - o = 4*m. What is the remainder when 14 is divided by a?
4
What is the remainder when 18 is divided by (-3 - 51/(-15)) + 116/10?
6
Calculate the remainder when (-4 + 93/(-12))*-4 is divided by 16.
15
Let z(n) = -n**2 + 9*n + 9. What is the remainder when 78 is divided by z(6)?
24
Let k be (17/2)/(2/8). Suppose -4*z - 4*h + 2*h + 28 = 0, -z + 4 = -h. What is the remainder when (k/6)/(2/6) is divided by z?
5
Let i(q) = q**3 + q - 1. Let c be i(1). Let f = c + 7. Suppose t + 3*z = f - 4, -6 = -t - 5*z. What is the remainder when 2 is divided by t?
0
Let q(y) = y**2 + 6*y - 5. Let v be q(-7). Suppose -3*i - h - v*h = 0, 5*i - 4*h - 27 = 0. What is the remainder when 4 is divided by (-2 - 0)/((-2)/i)?
1
Suppose 118 = 3*c - 0*l + l, -5*c + 194 = 3*l. Let g(x) = x**3 + 6*x**2 + x + 2. Let p be g(-6). What is the remainder when c is divided by (14/(-6))/(p/24)?
12
Let n(f) = 2*f**2 + 14*f + 2. Calculate the remainder when n(-9) is divided by 10.
8
Let o(j) = -17*j**3 - j**2 - j - 1. Let r be o(-1). Let x = r - 12. Let k(h) = -h**3 + 5*h**2 - 4*h + 2. Calculate the remainder when x is divided by k(4).
0
Suppose -7*a + 30 = -2*a. What is the remainder when a is divided by 2?
0
Suppose -y + 0 + 3 = 0. Let n = -317 - -320. What is the remainder when n is divided by y?
0
Suppose 3*w = w. Suppose w = -3*m - 5*s + 9 + 6, -6 = -5*m - 2*s. Let r = m + 2. What is the remainder when 7 is divided by r?
1
Let v(i) be the second derivative of 5*i**4/3 + i**3/6 + i**2/2 + 5*i. Calculate the remainder when 59 is divided by v(-1).
19
Let w(d) = 6*d + 1. Suppose -s - 2 + 5 = 0. What is the remainder when 73 is divided by w(s)?
16
Suppose 30*s - 29*s = 11. Calculate the remainder when (-1)/1 - (-32 - 0) is divided by s.
9
Suppose -9*h = -239 - 121. What is the remainder when h is divided by 22?
18
Let x(a) = -a**3 + 6*a**2 - 3*a - 6. Let m = -5 - -7. What is the remainder when x(5) is divided by m?
0
Suppose 0 = -i + 4*i - 3, 0 = -3*h + 2*i + 7. What is the remainder when 8 is divided by h?
2
Let y(q) = -6*q + 0*q - 9 + q. Calculate the remainder when 77 is divided by y(-7).
25
Let y be (1*-2)/(4/(-6)). Let p be ((-14)/5)/(y/30). Calculate the remainder when 12 is divided by p/(-8)*(3 - 1).
5
Calculate the remainder when 63 is divided by ((-44)/(-10))/((-5)/(-25)).
19
Let u(z) = z**3 - 8*z**2 - 6*z + 3. Suppose -4*a + 56 = -8. What is the remainder when u(9) is divided by a?
14
Let i be 43/9 - (-6)/27. Suppose -i*a + 7 = -8. Suppose -a*r + 40 - 1 = 0. What is the remainder when 37 is divided by r?
11
Let r(y) = -y**2 + 11*y - 17. Calculate the remainder when 41 is divided by r(7).
8
Suppose 0*s = -2*s - 8. Let t(i) be the first derivative of -i**4/4 - 4*i**3/3 - i**2/2 + 24. Calculate the remainder when 9 is divided by t(s).
1
Calculate the remainder when 4/(-16) - (-69)/4 is divided by 10.
7
Suppose -16 = -5*p + 44. Let i(w) = 7*w - 8. What is the remainder when i(6) is divided by p?
10
Let k = 295 + -208. What is the remainder when k is divided by 30?
27
What is the remainder when 28/(-6)*(-6)/2 is divided by 6?
2
Suppose 3*u - 3 - 24 = 0. Let f(q) = q**3 + 4*q**2 - 2*q - 8. Let k be f(-6). Calculate the remainder when -1*k/(-12)*-3 is divided by u.
8
Let z be 36/8*(-2)/(-3). Let i(q) = q**3 + 7*q**2 + 7*q + 7. Let y be i(-6). Suppose y = -2*n + z. Calculate the remainder when 1 is divided by n.
0
Let s = 32 - -13. Suppose -46 = -2*u - t + 1, 5*u - 120 = -5*t. Calculate the remainder when s is divided by u.
22
Suppose -4 - 4 = b + 2*m, 5*b = -m - 22. Let a = b + 12. Calculate the remainder when 33 is divided by (-9)/((-22)/a - -2).
9
What is the remainder when (12/10)/(6/195) is divided by 8?
7
Let q be 213/4 - 24/(-32). Suppose -3*v = -0*v - q. What is the remainder when 7 is divided by (v/3)/((-6)/(-4))?
3
Let t be -2 + 0 + (-3)/1. Let k(a) = -a - 7. Let m be k(t). What is the remainder when m/(-3) - 91/(-3) is divided by 11?
9
Suppose -24*j + 60 = -19*j. Suppose -3*k - k + 189 = -v, 4*k = 3*v + 191. Calculate the remainder when k is divided by j.
11
Suppose -3*a - 3*w + 37 = -2*w, 56 = 5*a - 4*w. Suppose 6*h - 2*h = 168. Let y = h - 7. Calculate the remainder when y is divided by a.
11
Suppose 3*h + 12 = 4*h. Let d be (-87)/h - (-2)/8. Let j = 2 - d. Calculate the remainder when 26 is divided by j.
8
Suppose -2*c + 33 = -65. Let h(w) = -w**3 + 8*w**2 - 8*w + 9. Let q be h(7). Suppose -q*t + 20 + 14 = 0. Calculate the remainder when c is divided by t.
15
Suppose -327 = -3*y - 0*y + 3*r, -2*r = 3*y - 317. Calculate the remainder when y is divided by 22.
19
Let j = 24 + -17. Let t = 29 - 25. What is the remainder when j is divided by t?
3
Suppose 9*i = 8*i + 75. What is the remainder when i is divided by (57/(-6))/((-2)/4)?
18
Let f(o) = -o**2 + 7*o - 4. What is the remainder when f(6) is divided by 1?
0
Calculate the remainder when (-1720)/(-32) + (-2)/(-8) is divided by 11.
10
Let m(w) 